{"id":278,"date":"2024-04-17T18:15:24","date_gmt":"2024-04-17T16:15:24","guid":{"rendered":"https:\/\/asambleacristianaderosario.com\/?post_type=tribe_events&#038;p=278"},"modified":"2024-04-17T18:16:44","modified_gmt":"2024-04-17T16:16:44","slug":"instituto-de-formacion-a-c-r","status":"publish","type":"tribe_events","link":"https:\/\/asambleacristianaderosario.com\/index.php\/evento\/instituto-de-formacion-a-c-r\/","title":{"rendered":"INSTITUTO DE FORMACI\u00d3N A.C.R."},"content":{"rendered":"<p class=\"p1\"><strong>IDIOMAS<\/strong>: Ingl\u00e9s, Italiano, LSA.<\/p>\n<p class=\"p1\"><strong>M\u00daSICA<\/strong>: Sonido, Canto, Piano,\u00a0Guitarra,\u00a0Bater\u00eda.<\/p>\n<p><strong>Inicio:\u00a0<\/strong>15 de Abril.<\/p>\n<p>de 17hs a 20hs.<\/p>\n","protected":false},"excerpt":{"rendered":"<p>IDIOMAS: Ingl\u00e9s, Italiano, LSA. M\u00daSICA: Sonido, Canto, Piano,\u00a0Guitarra,\u00a0Bater\u00eda. Inicio:\u00a015 de Abril. de 17hs a 20hs.<\/p>\n","protected":false},"author":1,"featured_media":266,"template":"","meta":{"_et_pb_use_builder":"","_et_pb_old_content":"","_et_gb_content_width":"","_tribe_events_status":"","_tribe_events_status_reason":"","footnotes":""},"tags":[],"tribe_events_cat":[5],"class_list":["post-278","tribe_events","type-tribe_events","status-publish","has-post-thumbnail","hentry","tribe_events_cat-eventos","cat_eventos"],"yoast_head":"<!-- This site is optimized with the Yoast SEO plugin v27.4 - https:\/\/yoast.com\/product\/yoast-seo-wordpress\/ -->\n<title>INSTITUTO DE FORMACI\u00d3N A.C.R. - Asamblea Cristiana de Rosario<\/title>\n<meta name=\"robots\" content=\"index, follow, max-snippet:-1, max-image-preview:large, max-video-preview:-1\" \/>\n<link rel=\"canonical\" href=\"https:\/\/asambleacristianaderosario.com\/index.php\/evento\/instituto-de-formacion-a-c-r\/\" \/>\n<meta property=\"og:locale\" content=\"es_ES\" \/>\n<meta property=\"og:type\" content=\"article\" \/>\n<meta property=\"og:title\" content=\"INSTITUTO DE FORMACI\u00d3N A.C.R. - Asamblea Cristiana de Rosario\" \/>\n<meta property=\"og:description\" content=\"IDIOMAS: Ingl\u00e9s, Italiano, LSA. M\u00daSICA: Sonido, Canto, Piano,\u00a0Guitarra,\u00a0Bater\u00eda. Inicio:\u00a015 de Abril. de 17hs a 20hs.\" \/>\n<meta property=\"og:url\" content=\"https:\/\/asambleacristianaderosario.com\/index.php\/evento\/instituto-de-formacion-a-c-r\/\" \/>\n<meta property=\"og:site_name\" content=\"Asamblea Cristiana de Rosario\" \/>\n<meta property=\"article:modified_time\" content=\"2024-04-17T16:16:44+00:00\" \/>\n<meta property=\"og:image\" content=\"http:\/\/asambleacristianaderosario.com\/wp-content\/uploads\/2024\/04\/WhatsApp-Image-2024-04-17-at-10.55.49-AM-1.jpeg\" \/>\n\t<meta property=\"og:image:width\" content=\"1080\" \/>\n\t<meta property=\"og:image:height\" content=\"1080\" \/>\n\t<meta property=\"og:image:type\" content=\"image\/jpeg\" \/>\n<meta name=\"twitter:card\" content=\"summary_large_image\" \/>\n<meta name=\"twitter:label1\" content=\"Tiempo de lectura\" \/>\n\t<meta name=\"twitter:data1\" content=\"1 minuto\" \/>\n<script type=\"application\/ld+json\" class=\"yoast-schema-graph\">{\"@context\":\"https:\\\/\\\/schema.org\",\"@graph\":[{\"@type\":\"WebPage\",\"@id\":\"https:\\\/\\\/asambleacristianaderosario.com\\\/index.php\\\/evento\\\/instituto-de-formacion-a-c-r\\\/\",\"url\":\"https:\\\/\\\/asambleacristianaderosario.com\\\/index.php\\\/evento\\\/instituto-de-formacion-a-c-r\\\/\",\"name\":\"INSTITUTO DE FORMACI\u00d3N A.C.R. - Asamblea Cristiana de Rosario\",\"isPartOf\":{\"@id\":\"https:\\\/\\\/asambleacristianaderosario.com\\\/#website\"},\"primaryImageOfPage\":{\"@id\":\"https:\\\/\\\/asambleacristianaderosario.com\\\/index.php\\\/evento\\\/instituto-de-formacion-a-c-r\\\/#primaryimage\"},\"image\":{\"@id\":\"https:\\\/\\\/asambleacristianaderosario.com\\\/index.php\\\/evento\\\/instituto-de-formacion-a-c-r\\\/#primaryimage\"},\"thumbnailUrl\":\"https:\\\/\\\/asambleacristianaderosario.com\\\/wp-content\\\/uploads\\\/2024\\\/04\\\/WhatsApp-Image-2024-04-17-at-10.55.49-AM-1.jpeg\",\"datePublished\":\"2024-04-17T16:15:24+00:00\",\"dateModified\":\"2024-04-17T16:16:44+00:00\",\"breadcrumb\":{\"@id\":\"https:\\\/\\\/asambleacristianaderosario.com\\\/index.php\\\/evento\\\/instituto-de-formacion-a-c-r\\\/#breadcrumb\"},\"inLanguage\":\"es\",\"potentialAction\":[{\"@type\":\"ReadAction\",\"target\":[\"https:\\\/\\\/asambleacristianaderosario.com\\\/index.php\\\/evento\\\/instituto-de-formacion-a-c-r\\\/\"]}]},{\"@type\":\"ImageObject\",\"inLanguage\":\"es\",\"@id\":\"https:\\\/\\\/asambleacristianaderosario.com\\\/index.php\\\/evento\\\/instituto-de-formacion-a-c-r\\\/#primaryimage\",\"url\":\"https:\\\/\\\/asambleacristianaderosario.com\\\/wp-content\\\/uploads\\\/2024\\\/04\\\/WhatsApp-Image-2024-04-17-at-10.55.49-AM-1.jpeg\",\"contentUrl\":\"https:\\\/\\\/asambleacristianaderosario.com\\\/wp-content\\\/uploads\\\/2024\\\/04\\\/WhatsApp-Image-2024-04-17-at-10.55.49-AM-1.jpeg\",\"width\":1080,\"height\":1080},{\"@type\":\"BreadcrumbList\",\"@id\":\"https:\\\/\\\/asambleacristianaderosario.com\\\/index.php\\\/evento\\\/instituto-de-formacion-a-c-r\\\/#breadcrumb\",\"itemListElement\":[{\"@type\":\"ListItem\",\"position\":1,\"name\":\"Portada\",\"item\":\"https:\\\/\\\/asambleacristianaderosario.com\\\/\"},{\"@type\":\"ListItem\",\"position\":2,\"name\":\"Eventos\",\"item\":\"https:\\\/\\\/asambleacristianaderosario.com\\\/index.php\\\/eventos\\\/\"},{\"@type\":\"ListItem\",\"position\":3,\"name\":\"INSTITUTO DE FORMACI\u00d3N A.C.R.\"}]},{\"@type\":\"WebSite\",\"@id\":\"https:\\\/\\\/asambleacristianaderosario.com\\\/#website\",\"url\":\"https:\\\/\\\/asambleacristianaderosario.com\\\/\",\"name\":\"Asamblea Cristiana de Rosario\",\"description\":\"Con Dios es posible un comienzo\",\"publisher\":{\"@id\":\"https:\\\/\\\/asambleacristianaderosario.com\\\/#organization\"},\"potentialAction\":[{\"@type\":\"SearchAction\",\"target\":{\"@type\":\"EntryPoint\",\"urlTemplate\":\"https:\\\/\\\/asambleacristianaderosario.com\\\/?s={search_term_string}\"},\"query-input\":{\"@type\":\"PropertyValueSpecification\",\"valueRequired\":true,\"valueName\":\"search_term_string\"}}],\"inLanguage\":\"es\"},{\"@type\":\"Organization\",\"@id\":\"https:\\\/\\\/asambleacristianaderosario.com\\\/#organization\",\"name\":\"Asamblea Cristiana de Rosario\",\"url\":\"https:\\\/\\\/asambleacristianaderosario.com\\\/\",\"logo\":{\"@type\":\"ImageObject\",\"inLanguage\":\"es\",\"@id\":\"https:\\\/\\\/asambleacristianaderosario.com\\\/#\\\/schema\\\/logo\\\/image\\\/\",\"url\":\"https:\\\/\\\/asambleacristianaderosario.com\\\/wp-content\\\/uploads\\\/2024\\\/01\\\/cropped-Logo-favicon.webp\",\"contentUrl\":\"https:\\\/\\\/asambleacristianaderosario.com\\\/wp-content\\\/uploads\\\/2024\\\/01\\\/cropped-Logo-favicon.webp\",\"width\":512,\"height\":512,\"caption\":\"Asamblea Cristiana de Rosario\"},\"image\":{\"@id\":\"https:\\\/\\\/asambleacristianaderosario.com\\\/#\\\/schema\\\/logo\\\/image\\\/\"}}]}<\/script>\n<!-- \/ Yoast SEO plugin. -->","yoast_head_json":{"title":"INSTITUTO DE FORMACI\u00d3N A.C.R. - Asamblea Cristiana de Rosario","robots":{"index":"index","follow":"follow","max-snippet":"max-snippet:-1","max-image-preview":"max-image-preview:large","max-video-preview":"max-video-preview:-1"},"canonical":"https:\/\/asambleacristianaderosario.com\/index.php\/evento\/instituto-de-formacion-a-c-r\/","og_locale":"es_ES","og_type":"article","og_title":"INSTITUTO DE FORMACI\u00d3N A.C.R. - Asamblea Cristiana de Rosario","og_description":"IDIOMAS: Ingl\u00e9s, Italiano, LSA. M\u00daSICA: Sonido, Canto, Piano,\u00a0Guitarra,\u00a0Bater\u00eda. Inicio:\u00a015 de Abril. de 17hs a 20hs.","og_url":"https:\/\/asambleacristianaderosario.com\/index.php\/evento\/instituto-de-formacion-a-c-r\/","og_site_name":"Asamblea Cristiana de Rosario","article_modified_time":"2024-04-17T16:16:44+00:00","og_image":[{"width":1080,"height":1080,"url":"http:\/\/asambleacristianaderosario.com\/wp-content\/uploads\/2024\/04\/WhatsApp-Image-2024-04-17-at-10.55.49-AM-1.jpeg","type":"image\/jpeg"}],"twitter_card":"summary_large_image","twitter_misc":{"Tiempo de lectura":"1 minuto"},"schema":{"@context":"https:\/\/schema.org","@graph":[{"@type":"WebPage","@id":"https:\/\/asambleacristianaderosario.com\/index.php\/evento\/instituto-de-formacion-a-c-r\/","url":"https:\/\/asambleacristianaderosario.com\/index.php\/evento\/instituto-de-formacion-a-c-r\/","name":"INSTITUTO DE FORMACI\u00d3N A.C.R. - Asamblea Cristiana de Rosario","isPartOf":{"@id":"https:\/\/asambleacristianaderosario.com\/#website"},"primaryImageOfPage":{"@id":"https:\/\/asambleacristianaderosario.com\/index.php\/evento\/instituto-de-formacion-a-c-r\/#primaryimage"},"image":{"@id":"https:\/\/asambleacristianaderosario.com\/index.php\/evento\/instituto-de-formacion-a-c-r\/#primaryimage"},"thumbnailUrl":"https:\/\/asambleacristianaderosario.com\/wp-content\/uploads\/2024\/04\/WhatsApp-Image-2024-04-17-at-10.55.49-AM-1.jpeg","datePublished":"2024-04-17T16:15:24+00:00","dateModified":"2024-04-17T16:16:44+00:00","breadcrumb":{"@id":"https:\/\/asambleacristianaderosario.com\/index.php\/evento\/instituto-de-formacion-a-c-r\/#breadcrumb"},"inLanguage":"es","potentialAction":[{"@type":"ReadAction","target":["https:\/\/asambleacristianaderosario.com\/index.php\/evento\/instituto-de-formacion-a-c-r\/"]}]},{"@type":"ImageObject","inLanguage":"es","@id":"https:\/\/asambleacristianaderosario.com\/index.php\/evento\/instituto-de-formacion-a-c-r\/#primaryimage","url":"https:\/\/asambleacristianaderosario.com\/wp-content\/uploads\/2024\/04\/WhatsApp-Image-2024-04-17-at-10.55.49-AM-1.jpeg","contentUrl":"https:\/\/asambleacristianaderosario.com\/wp-content\/uploads\/2024\/04\/WhatsApp-Image-2024-04-17-at-10.55.49-AM-1.jpeg","width":1080,"height":1080},{"@type":"BreadcrumbList","@id":"https:\/\/asambleacristianaderosario.com\/index.php\/evento\/instituto-de-formacion-a-c-r\/#breadcrumb","itemListElement":[{"@type":"ListItem","position":1,"name":"Portada","item":"https:\/\/asambleacristianaderosario.com\/"},{"@type":"ListItem","position":2,"name":"Eventos","item":"https:\/\/asambleacristianaderosario.com\/index.php\/eventos\/"},{"@type":"ListItem","position":3,"name":"INSTITUTO DE FORMACI\u00d3N A.C.R."}]},{"@type":"WebSite","@id":"https:\/\/asambleacristianaderosario.com\/#website","url":"https:\/\/asambleacristianaderosario.com\/","name":"Asamblea Cristiana de Rosario","description":"Con Dios es posible un comienzo","publisher":{"@id":"https:\/\/asambleacristianaderosario.com\/#organization"},"potentialAction":[{"@type":"SearchAction","target":{"@type":"EntryPoint","urlTemplate":"https:\/\/asambleacristianaderosario.com\/?s={search_term_string}"},"query-input":{"@type":"PropertyValueSpecification","valueRequired":true,"valueName":"search_term_string"}}],"inLanguage":"es"},{"@type":"Organization","@id":"https:\/\/asambleacristianaderosario.com\/#organization","name":"Asamblea Cristiana de Rosario","url":"https:\/\/asambleacristianaderosario.com\/","logo":{"@type":"ImageObject","inLanguage":"es","@id":"https:\/\/asambleacristianaderosario.com\/#\/schema\/logo\/image\/","url":"https:\/\/asambleacristianaderosario.com\/wp-content\/uploads\/2024\/01\/cropped-Logo-favicon.webp","contentUrl":"https:\/\/asambleacristianaderosario.com\/wp-content\/uploads\/2024\/01\/cropped-Logo-favicon.webp","width":512,"height":512,"caption":"Asamblea Cristiana de Rosario"},"image":{"@id":"https:\/\/asambleacristianaderosario.com\/#\/schema\/logo\/image\/"}}]}},"_links":{"self":[{"href":"https:\/\/asambleacristianaderosario.com\/index.php\/wp-json\/wp\/v2\/tribe_events\/278","targetHints":{"allow":["GET"]}}],"collection":[{"href":"https:\/\/asambleacristianaderosario.com\/index.php\/wp-json\/wp\/v2\/tribe_events"}],"about":[{"href":"https:\/\/asambleacristianaderosario.com\/index.php\/wp-json\/wp\/v2\/types\/tribe_events"}],"author":[{"embeddable":true,"href":"https:\/\/asambleacristianaderosario.com\/index.php\/wp-json\/wp\/v2\/users\/1"}],"version-history":[{"count":1,"href":"https:\/\/asambleacristianaderosario.com\/index.php\/wp-json\/wp\/v2\/tribe_events\/278\/revisions"}],"predecessor-version":[{"id":279,"href":"https:\/\/asambleacristianaderosario.com\/index.php\/wp-json\/wp\/v2\/tribe_events\/278\/revisions\/279"}],"wp:featuredmedia":[{"embeddable":true,"href":"https:\/\/asambleacristianaderosario.com\/index.php\/wp-json\/wp\/v2\/media\/266"}],"wp:attachment":[{"href":"https:\/\/asambleacristianaderosario.com\/index.php\/wp-json\/wp\/v2\/media?parent=278"}],"wp:term":[{"taxonomy":"post_tag","embeddable":true,"href":"https:\/\/asambleacristianaderosario.com\/index.php\/wp-json\/wp\/v2\/tags?post=278"},{"taxonomy":"tribe_events_cat","embeddable":true,"href":"https:\/\/asambleacristianaderosario.com\/index.php\/wp-json\/wp\/v2\/tribe_events_cat?post=278"}],"curies":[{"name":"wp","href":"https:\/\/api.w.org\/{rel}","templated":true}]}}

INSTITUTO DE FORMACIÓN A.C.R.

<p class="p1"><strong>IDIOMAS</strong>: Inglés, Italiano, LSA.</p>
<p class="p1"><strong>MÚSICA</strong>: Sonido, Canto, Piano, Guitarra, Batería.</p>
<p><strong>Inicio: </strong>15 de Abril.</p>
<p>de 17hs a 20hs.</p>

<p>IDIOMAS: Inglés, Italiano, LSA. MÚSICA: Sonido, Canto, Piano, Guitarra, Batería. Inicio: 15 de Abril. de 17hs a 20hs.</p>

<!-- This site is optimized with the Yoast SEO plugin v27.4 - https://yoast.com/product/yoast-seo-wordpress/ -->
<title>INSTITUTO DE FORMACIÓN A.C.R. - Asamblea Cristiana de Rosario</title>
<meta name="robots" content="index, follow, max-snippet:-1, max-image-preview:large, max-video-preview:-1" />
<link rel="canonical" href="https://asambleacristianaderosario.com/index.php/evento/instituto-de-formacion-a-c-r/" />
<meta property="og:locale" content="es_ES" />
<meta property="og:type" content="article" />
<meta property="og:title" content="INSTITUTO DE FORMACIÓN A.C.R. - Asamblea Cristiana de Rosario" />
<meta property="og:description" content="IDIOMAS: Inglés, Italiano, LSA. MÚSICA: Sonido, Canto, Piano, Guitarra, Batería. Inicio: 15 de Abril. de 17hs a 20hs." />
<meta property="og:url" content="https://asambleacristianaderosario.com/index.php/evento/instituto-de-formacion-a-c-r/" />
<meta property="og:site_name" content="Asamblea Cristiana de Rosario" />
<meta property="article:modified_time" content="2024-04-17T16:16:44+00:00" />
<meta property="og:image" content="http://asambleacristianaderosario.com/wp-content/uploads/2024/04/WhatsApp-Image-2024-04-17-at-10.55.49-AM-1.jpeg" />
	<meta property="og:image:width" content="1080" />
	<meta property="og:image:height" content="1080" />
	<meta property="og:image:type" content="image/jpeg" />
<meta name="twitter:card" content="summary_large_image" />
<meta name="twitter:label1" content="Tiempo de lectura" />
	<meta name="twitter:data1" content="1 minuto" />
<script type="application/ld+json" class="yoast-schema-graph">{"@context":"https:\/\/schema.org","@graph":[{"@type":"WebPage","@id":"https:\/\/asambleacristianaderosario.com\/index.php\/evento\/instituto-de-formacion-a-c-r\/","url":"https:\/\/asambleacristianaderosario.com\/index.php\/evento\/instituto-de-formacion-a-c-r\/","name":"INSTITUTO DE FORMACIÓN A.C.R. - Asamblea Cristiana de Rosario","isPartOf":{"@id":"https:\/\/asambleacristianaderosario.com\/#website"},"primaryImageOfPage":{"@id":"https:\/\/asambleacristianaderosario.com\/index.php\/evento\/instituto-de-formacion-a-c-r\/#primaryimage"},"image":{"@id":"https:\/\/asambleacristianaderosario.com\/index.php\/evento\/instituto-de-formacion-a-c-r\/#primaryimage"},"thumbnailUrl":"https:\/\/asambleacristianaderosario.com\/wp-content\/uploads\/2024\/04\/WhatsApp-Image-2024-04-17-at-10.55.49-AM-1.jpeg","datePublished":"2024-04-17T16:15:24+00:00","dateModified":"2024-04-17T16:16:44+00:00","breadcrumb":{"@id":"https:\/\/asambleacristianaderosario.com\/index.php\/evento\/instituto-de-formacion-a-c-r\/#breadcrumb"},"inLanguage":"es","potentialAction":[{"@type":"ReadAction","target":["https:\/\/asambleacristianaderosario.com\/index.php\/evento\/instituto-de-formacion-a-c-r\/"]}]},{"@type":"ImageObject","inLanguage":"es","@id":"https:\/\/asambleacristianaderosario.com\/index.php\/evento\/instituto-de-formacion-a-c-r\/#primaryimage","url":"https:\/\/asambleacristianaderosario.com\/wp-content\/uploads\/2024\/04\/WhatsApp-Image-2024-04-17-at-10.55.49-AM-1.jpeg","contentUrl":"https:\/\/asambleacristianaderosario.com\/wp-content\/uploads\/2024\/04\/WhatsApp-Image-2024-04-17-at-10.55.49-AM-1.jpeg","width":1080,"height":1080},{"@type":"BreadcrumbList","@id":"https:\/\/asambleacristianaderosario.com\/index.php\/evento\/instituto-de-formacion-a-c-r\/#breadcrumb","itemListElement":[{"@type":"ListItem","position":1,"name":"Portada","item":"https:\/\/asambleacristianaderosario.com\/"},{"@type":"ListItem","position":2,"name":"Eventos","item":"https:\/\/asambleacristianaderosario.com\/index.php\/eventos\/"},{"@type":"ListItem","position":3,"name":"INSTITUTO DE FORMACIÓN A.C.R."}]},{"@type":"WebSite","@id":"https:\/\/asambleacristianaderosario.com\/#website","url":"https:\/\/asambleacristianaderosario.com\/","name":"Asamblea Cristiana de Rosario","description":"Con Dios es posible un comienzo","publisher":{"@id":"https:\/\/asambleacristianaderosario.com\/#organization"},"potentialAction":[{"@type":"SearchAction","target":{"@type":"EntryPoint","urlTemplate":"https:\/\/asambleacristianaderosario.com\/?s={search_term_string}"},"query-input":{"@type":"PropertyValueSpecification","valueRequired":true,"valueName":"search_term_string"}}],"inLanguage":"es"},{"@type":"Organization","@id":"https:\/\/asambleacristianaderosario.com\/#organization","name":"Asamblea Cristiana de Rosario","url":"https:\/\/asambleacristianaderosario.com\/","logo":{"@type":"ImageObject","inLanguage":"es","@id":"https:\/\/asambleacristianaderosario.com\/#\/schema\/logo\/image\/","url":"https:\/\/asambleacristianaderosario.com\/wp-content\/uploads\/2024\/01\/cropped-Logo-favicon.webp","contentUrl":"https:\/\/asambleacristianaderosario.com\/wp-content\/uploads\/2024\/01\/cropped-Logo-favicon.webp","width":512,"height":512,"caption":"Asamblea Cristiana de Rosario"},"image":{"@id":"https:\/\/asambleacristianaderosario.com\/#\/schema\/logo\/image\/"}}]}</script>
<!-- / Yoast SEO plugin. -->

INSTITUTO DE FORMACIÓN A.C.R. - Asamblea Cristiana de Rosario

IDIOMAS: Inglés, Italiano, LSA. MÚSICA: Sonido, Canto, Piano, Guitarra, Batería. Inicio: 15 de Abril. de 17hs a 20hs.
